*y**2 - 39*y - 132. Give w(-15).
3
Let x(y) = -2*y**3 + 2*y**2 - 3*y + 2. Give x(1).
-1
Let n(p) = 2*p**3 + 31*p**2 - 16*p + 8. Determine n(-16).
8
Let v(l) = 2*l**3 + l**2 - 2*l + 9. Give v(0).
9
Let k(r) = -2*r**2 - 13*r + 8. What is k(-8)?
-16
Let p(h) = h**3 - 6*h**2 - 8*h + 6. Give p(7).
-1
Let k(v) = 5*v - 32. Give k(9).
13
Let c(z) = 12*z + 5. Give c(-1).
-7
Let h(l) = -7*l + 13. Give h(-6).
55
Let b(u) = -u**3 - 2*u**2 + 2*u + 2. Determine b(2).
-10
Let o(x) = -x + 6. Calculate o(8).
-2
Let x(w) = 95*w**2 + 4*w + 3. What is x(-1)?
94
Let r(w) = -w**2 - w - 1. Calculate r(3).
-13
Let i(d) = 2*d**2 + 11*d - 41. Give i(-12).
115
Let w(m) = -m**3 - 10*m**2 + 8*m + 7. Determine w(-11).
40
Let a(k) = k**3 - 16*k**2 + 2*k - 24. Determine a(16).
8
Let z(o) = o - 16. What is z(30)?
14
Let t(h) = 3*h**2 - 7*h - 21. What is t(-6)?
129
Let b(p) = 6*p + 111. Give b(-17).
9
Let q(d) = -d**3 + 3*d**2 + 4*d - 3. Determine q(2).
9
Let n(a) = -31*a + 159. Calculate n(5).
4
Let q(y) = -2*y**3 - 13*y**2 - 2*y + 21. Determine q(-6).
-3
Let s(m) = m - 23. Determine s(17).
-6
Let r(c) = -2*c**2 + 48*c + 11. Give r(24).
11
Let t(o) = 5*o + 60. Determine t(-9).
15
Let g(i) = i**3 + 6*i**2 + 3*i - 2. Calculate g(-5).
8
Let p(r) = -2*r**2 - 29*r. Calculate p(-9).
99
Let w(o) = o**2 - 4*o - 3. Calculate w(4).
-3
Let l(j) = 11*j. Give l(1).
11
Let w(b) = 2*b + 31. What is w(-12)?
7
Let z(v) = 8*v**2 + 32*v - 12. Give z(-5).
28
Let t(g) = g**2 - 18*g - 72. Give t(-4).
16
Let v(g) = -2*g**2 + 4*g - 1. Give v(-3).
-31
Let i(w) = -w + 18. What is i(14)?
4
Let r(h) = -6*h + 4. Calculate r(3).
-14
Let z(d) = -d**2 + 10*d - 26. Calculate z(6).
-2
Let y(f) = 4*f**2 - 19*f + 5. Calculate y(4).
-7
Let b(u) = -u**3 - 10*u**2 - 11*u - 9. What is b(-4)?
-61
Let r(k) = 2*k**2 - 26. Calculate r(3).
-8
Let o(g) = 3*g - 1. Give o(-3).
-10
Let h(i) = 4*i + 18. Determine h(-9).
-18
Let h(b) = -b**3 - 16*b**2 + 7*b + 38. What is h(-16)?
-74
Let b(f) = -f + 44. Give b(48).
-4
Let k(f) = f**2 - 26*f - 51. Give k(28).
5
Let v(o) = -o**3 - 5*o**2 - 4*o. Give v(-4).
0
Let y(p) = -61*p**2 - p. Give y(-1).
-60
Let b(c) = 83*c**3 - 2*c**2 + 1. Calculate b(-1).
-84
Let s(n) = -n**2 - n + 37. What is s(-7)?
-5
Let k(v) = 87*v + 173. Give k(-2).
-1
Let j(i) = -5*i**2 + 3*i + 4. Determine j(5).
-106
Let y(j) = j**2 - j + 18. Calculate y(0).
18
Let m(n) = -n**3 - 15*n**2 + 14*n - 16. Determine m(-16).
16
Let d(q) = 8*q + 56. Determine d(-6).
8
Let r(v) = -v**3 + 45*v**2 + 47*v - 47. What is r(46)?
-1
Let n(q) = -14*q**2 - 3*q - 1. What is n(-1)?
-12
Let g(q) = -19*q - 2. Calculate g(2).
-40
Let i(b) = b**2 + 48*b + 277. What is i(-6)?
25
Let o(b) = 5*b**2 + b + 1. What is o(-1)?
5
Let c(r) = -r**2 - 2*r. Give c(-2).
0
Let r(w) = -w - 4. Give r(1).
-5
Let o(z) = -z**3 - 11*z**2 + 16*z + 8. Calculate o(-12).
-40
Let m(y) = -11*y**3 + 3*y**2 - y - 6. Determine m(-2).
96
Let u(r) = -3*r - 2. Determine u(-3).
7
Let j(p) = -8*p - 8. Determine j(0).
-8
Let f(m) = 5*m - 7. Calculate f(10).
43
Let m(q) = -q**3 + q**2 + 3*q + 3. What is m(0)?
3
Let a(p) = -p**3 + 7*p**2 - 3*p - 21. Calculate a(7).
-42
Let b(o) = -16*o - 2. Give b(-2).
30
Let b(t) = -17*t**2 + 2*t + 3. What is b(-1)?
-16
Let k(g) = -2*g**3 + 7*g**2 - g - 10. Give k(3).
-4
Let p(v) = v**2 - 7*v - 39. Calculate p(-5).
21
Let o(f) = -f**2 - 5*f + 9. What is o(-7)?
-5
Let r(t) = t**2 - 5*t + 3. Give r(6).
9
Let l(f) = 11*f**3 - 2*f**2 - 6*f + 6. Give l(1).
9
Let a(c) = -c**3 + 6*c**2 + 22*c - 2. What is a(9)?
-47
Let z(j) = -3*j**2 - 7*j + 3. Calculate z(-4).
-17
Let g(n) = -n - 7. Give g(-5).
-2
Let g(s) = -s - 5. Calculate g(11).
-16
Let h(n) = -11*n - 105. Calculate h(-10).
5
Let c(m) = m**3 - 6*m**2 + 7. Calculate c(5).
-18
Let b(s) = 178*s + 1062. Give b(-6).
-6
Let y(j) = -j**2 - 7*j + 8. What is y(2)?
-10
Let z(t) = -5*t + 10. What is z(5)?
-15
Let u(h) = h**3 - 17*h**2 + 21*h - 39. What is u(16)?
41
Let f(u) = u**2 + 8*u + 3. Determine f(-7).
-4
Let o(h) = h - 10. Determine o(-8).
-18
Let h(q) = 30*q**3 + 3*q - 3. What is h(1)?
30
Let y(p) = -p**3 - 3*p**2 + 3*p. Determine y(2).
-14
Let u(w) = 22*w**3 + w**2 - 1. Give u(-1).
-22
Let k(g) = -g - 1. Calculate k(-3).
2
Let h(l) = -2*l**2 + 9*l - 5. Give h(3).
4
Let u(k) = -k**3 + 17*k**2 - 16*k - 4. What is u(16)?
-4
Let r(d) = -d**3 - 4*d**2 + 4*d + 23. Give r(-4).
7
Let q(b) = -b**3 - b**2 - 2. Give q(-3).
16
Let p(y) = -y**2 - 8*y + 8. Calculate p(-6).
20
Let w(o) = 13*o**2 - o - 1. Determine w(-1).
13
Let r(n) = n**2 - 24. What is r(-4)?
-8
Let v(s) = -2*s**2 - 42*s - 8. What is v(-22)?
-52
Let s(l) = -2*l + 18. What is s(7)?
4
Let y(w) = w**2 - 4*w - 10. What is y(5)?
-5
Let l(k) = 2*k**3 - 10*k**2 + 9*k + 2. Calculate l(4).
6
Let o(i) = -2*i**2 - 4*i + 6. Determine o(-4).
-10
Let c(i) = -3*i + 3. What is c(-4)?
15
Let o(z) = 2*z + 11. What is o(-2)?
7
Let r(t) = 7*t - 91. Determine r(7).
-42
Let n(a) = a**2 - 7*a + 17. Determine n(7).
17
Let a(o) = -o**2 + 12*o - 1. Give a(12).
-1
Let y(h) = h**3 - 8*h**2 - 3*h - 1. Give y(8).
-25
Let f(y) = -10*y - 6. Give f(-5).
44
Let t(f) = -f**3 + 11*f**2 - 3*f - 60. Give t(10).
10
Let y(t) = -19*t - 100. Give y(-6).
14
Let s(y) = -y**2 - 11*y - 6. Give s(-9).
12
Let v(c) = c - 24. Calculate v(-16).
-40
Let z(g) = -g - 8. What is z(-3)?
-5
Let j(l) = 4*l**3 - 128*l**2 - l + 21. Give j(32).
-11
Let y(w) = -2*w**2 - 4*w + 4. Determine y(-5).
-26
Let h(d) = -2*d - 12. Calculate h(-4).
-4
Let s(l) = -l**2 + 5*l - 6. Give s(7).
-20
Let u(m) = 2*m**3 + 13*m**2 - 4*m + 15. What is u(-7)?
-6
Let g(k) = k**3 + 10*k**2 + 8*k - 10. Give g(-9).
-1
Let z(x) = -x**3 - 8*x**2 + 37*x + 42. What is z(-11)?
-2
Let m(w) = w**3 + 21*w**2 - 13. Determine m(-21).
-13
Let c(p) = 18*p - 1087. Give c(61).
11
Let s(h) = 2*h - 3. What is s(-2)?
-7
Let g(a) = -a**2 - 2*a + 10. What is g(3)?
-5
Let c(o) = 12*o + 6. Give c(5).
66
Let g(r) = -3*r + 37. Determine g(16).
-11
Let z(v) = v**3 - 10*v**2 + 10*v + 38. Calculate z(8).
-10
Let r(h) = -3*h**2 - 51*h + 40. Give r(-18).
-14
Let x(o) = 3*o + 1. Calculate x(2).
7
Let z(p) = p**3 - 3*p**2 - 2. Give z(5).
48
Let w(j) = 10*j**3 + 3*j**2 - j - 4. What is w(-2)?
-70
Let c(h) = h**3 - 7*h**2 - h. What is c(6)?
-42
Let s(i) = 7*i - 33. What is s(15)?
72
Let u(z) = z**2 - 2*z - 42. What is u(7)?
-7
Let g(y) = y + 5. Calculate g(9).
14
Let v(z) = -3*z - 3. Calculate v(-1).
0
Let v(o) = -2*o - 23. Calculate v(-12).
1
Let c(n) = 4*n**2 - 17*n - 26. Determine c(-2).
24
Let h(x) = -14*x - 4. What is h(3)?
-46
Let d(n) = n**3 - 15*n**2 - 14*n - 1. Determine d(16).
31
Let o(j) = -j**2 - 8*j + 9. Calculate o(-9).
0
Let z(x) = 36*x - 70. Determine z(2).
2
Let f(w) = w**2 + 23*w - 36. Give f(-24).
-12
Let a(w) = 29*w - 4. What is a(2)?
54
Let y(j) = j**2 - 13*j + 11. Give y(13).
11
Let f(s) = 2*s - 13. What is f(6)?
-1
Let h(u) = -2*u**2 + 7*u - 6. Give h(4).
-10
Let g(v) = -v**2 - 9*v - 9. Calculate g(-12).
-45
Let u(x) = -3*x**2 + 6*x - 2. Give u(4).
-26
Let q(c) = c**3 + 2*c**2 + c + 1. Give q(-3).
-11
Let v(a) = -a**2 + 6*a + 30. Give v(7).
23
Let d(n) = n**3 - 6*n**2 - 13*n + 41. Determine d(5).
-49
Let u(r) = -r**3 - 10*r**2 - 7*r + 27. Give u(-9).
9
Let t(d) = 7*d + 58. Give t(-11).
-19
Let d(x) = x**3 + 25*x**2 + 100*x + 3. Calculate d(-20).
3
Let k(s) = s**3 + 7*s**2 + 7*s + 14. Calculate k(-6).
8
Let q(l) = l**2 + 2*l - 6. What is q(3)?
9
Let h(k) = -k**3 - 5. Give h(0).
-5
Let p(k) = -k**2 + 31*k - 41. What is p(24)?
127
Let f(y) = 19*y - 93. What is f(9)?
78
Let r(t) = 3*t + 14. Calculate r(-14).
-28
Let v(n) = 10*n**3 - 2*n**2 - 1. Calculate v(-2).
-89
Let n(f) = 13*f - 2. Give n(3).
37
Let w(q) = q + 6. Calculate w(8).
14
Let v(t) = -t**3 + 22*t**2 - 21*t - 4. Calculate v(21).
-4
Let n(z) = -z**3 + 15*z**2 - 11*z - 17. What is n(14)?
25
Let k(g) = g + 10. Calculate k(-3).
7
Let c(q) = -q**3 - 9*q**2 - 11*q + 4. What is c(-8)?
28
Let i(g) = -g**2 - 8*g - 2. What is i(-4)?
14
Let k(r) = -r**3 + 8*r**2 + 12*r - 14. Give k(8).
82
Let m(f) = f**3 + 6*f**2 + 3*f + 3. Calculate m(-6).
-15
Let c(u) = u**3 + 12*u**2 - 7*u + 6. Calculate c(-13).
-72
Let q(z) = -2*z + 11. What is q(-6)?
23
Let u(j) = -2*j**2 + 13*j - 4. Determine u(5).
11
Let z(j) = -2*j**2 + 13*j + 4. Determine z(6).
10
Let l(c) = -c**2 + 6*c + 1. What is l(7)?
-6
